-87a416
1111000010001 (base 2) to base 8
17021
Convert -1010120211221101 (base 3) to base 12.
-553ab3a
What is 282aa (base 12) in base 10?
55714
What is -cb619c (base 13) in base 4?
-102033300333
-3332133202 (base 4) to base 8
-3763742
What is 53452302 (base 6) in base 13?
4331c3
What is -1159a (base 11) in base 12?
-97a6
What is 45d139 (base 15) in base 8?
14561173
Convert 42111101 (base 5) to base 10.
347651
Convert 587 (base 13) to base 14.
4c4
7210 (base 9) to base 4
1102122
Convert -1011101110000011 (base 2) to base 16.
-bb83
8083745 (base 10) to base 2
11110110101100100100001
Convert 635a66 (base 13) to base 14.
447a52
Convert 32b48 (base 12) to base 16.
106e8
What is 19e20 (base 16) in base 7?
621041
Convert -13132123133 (base 4) to base 10.
-1959647
4f523 (base 16) to base 4
1033110203
71743 (base 11) to base 14
2a236
Convert ae88a (base 16) to base 10.
714890
Convert -55768b (base 12) to base 8.
-5142013
Convert a9e9c8 (base 15) to base 16.
7b9416
Convert -261344 (base 8) to base 11.
-62293
Convert -41313241 (base 6) to base 7.
-13062355
Convert 205640412 (base 7) to base 12.
4118816
What is 1503344 (base 7) in base 12?
994b8
Convert -b8cc0 (base 13) to base 15.
-68e21
Convert -727243 (base 8) to base 12.
-b7797
Convert -76174 (base 11) to base 6.
-2212215
Convert 42202 (base 11) to base 15.
13330
Convert 444420355 (base 6) to base 13.
189205a
123303220130 (base 4) to base 7
115646546
What is -12111320311 (base 4) in base 7?
-20062663
What is 111000011101111001011 (base 2) in base 15?
268395
What is -842be4 (base 15) in base 11?
-360451a
Convert 26a234 (base 12) to base 4.
2130023020
-29526 (base 11) to base 5
-2320034
What is -21839 (base 11) in base 15?
-9583
Convert 131631 (base 10) to base 15.
29006
What is -200211020220 (base 3) in base 13?
-cc855
What is -1266264 (base 7) in base 10?
-167871
Convert 1a632 (base 15) to base 11.
59495
Convert -1c9b7 (base 14) to base 16.
-11e35
-cc93 (base 16) to base 12
-26383
What is -100 (base 6) in base 9?
-40
Convert 1513424 (base 6) to base 4.
111121120
Convert -4b4010 (base 13) to base 2.
-110111001011100010000
What is -199 (base 12) in base 8?
-405
What is 1001120111020 (base 3) in base 2?
10001001010011110000
-4591a (base 12) to base 14
-25bdc
12214061 (base 7) to base 13
2c4ca7
Convert 33406444 (base 7) to base 6.
142001534
3734388 (base 11) to base 5
3130213441
Convert -10231422014 (base 5) to base 16.
-a4f604
What is -968 (base 15) in base 9?
-2818
-123022301 (base 4) to base 3
-12122122112
What is -358a6 (base 11) in base 16?
-c9ce
What is -1101110100110111 (base 2) in base 5?
-3303011
Convert 3164266 (base 7) to base 11.
243847
Convert -55702 (base 11) to base 6.
-1421353
281315 (base 10) to base 3
112021220002
-83abb (base 12) to base 8
-521157
639617 (base 10) to base 2
10011100001010000001
112120100100100 (base 3) to base 2
11101100010001100011000
-48752 (base 13) to base 12
-65012
Convert 2956386 (base 10) to base 13.
7c6854
-112020121221 (base 3) to base 11
-181733
What is -2482830 (base 9) in base 16?
-14a7e3
What is -1314446 (base 11) in base 12?
-918811
Convert -735087 (base 14) to base 7.
-45045230
Convert 10011101101100100001 (base 2) to base 12.
271969
What is 3401224 (base 5) in base 12?
2a578
Convert 1424420221 (base 5) to base 9.
7042481
What is -126547 (base 10) in base 13?
-457a5
What is -5b99087 (base 12) in base 2?
-1000100001010101000100111
-13b2192 (base 12) to base 3
-21110101222102
486551 (base 13) to base 12
6b3a35
Convert 861a05 (base 11) to base 10.
1378800
Convert -1a7dc (base 16) to base 5.
-11433013
-750a94 (base 11) to base 6
-41432123
Convert -1a217 (base 15) to base 2.
-10100101101101111
Convert -4403201 (base 5) to base 13.
-28440
13676a7 (base 12) to base 7
44615515
Convert -1121132002 (base 4) to base 11.
-230371
-16505245 (base 8) to base 15
-50bb71
30124454 (base 6) to base 11
531595
What is 101010001011111011010 (base 2) in base 9?
2536217
What is -a6989 (base 11) in base 12?
-76052
-826352 (base 10) to base 14
-177212
Convert -20102122222 (base 3) to base 7.
-1035050
Convert -215146 (base 15) to base 2.
-110000011010101101101
-5453431 (base 7) to base 2
-10100011010000110101
2672630 (base 8) to base 2
10110111010110011000
What is -105976 (base 15) in base 14?
-163950
12310134 (base 5) to base 10
119419
-2bc680 (base 14) to base 9
-2785101
What is 85a492 (base 11) in base 15?
1c2858
-69b9a (base 12) to base 14
-398b4
Convert 110536336 (base 8) to base 13.
3c41842
What is -71515 (base 11) in base 9?
-168233
5366420 (base 7) to base 16
9ffec
101001200210 (base 3) to base 8
602662
Convert -202861 (base 10) to base 6.
-4203101
-3421d0 (base 16) to base 14
-64d13a
What is -1001011001010101010 (base 2) in base 7?
-2421421
-46d088 (base 14) to base 11
-1401404
321134144 (base 5) to base 10
1349299
What is 22231b (base 14) in base 6?
40455445
Convert 631694 (base 13) to base 6.
121353445
a27377 (base 12) to base 4
21230231023
Convert -2b2b04 (base 12) to base 13.
-1c7839
-206b4b (base 13) to base 14
-15a1aa
336224 (base 13) to base 12
4a6048
Convert 4378876 (base 9) to base 7.
26010006
Convert -114310114 (base 5) to base 7.
-4413042
What is 1022200201121 (base 3) in base 9?
1280647
What is 1483555 (base 10) in base 9?
2711044
What is 673760a (base 11) in base 3?
211020001020022
Convert -151393 (base 13) to base 8.
-1761472
2212002201 (base 3) to base 7
322603
Convert -201313102202 (base 4) to base 13.
-1aba7bc
What is -3375654 (base 8) in base 13?
-261160
Convert -52db1 (base 15) to base 9.
-440644
Convert 3021135 (base 6) to base 14.
3a0a7
Convert 1610244 (base 12) to base 9.
8417817
11000222000 (base 3) to base 6
1411430
Convert 2535351 (base 6) to base 11.
94178
What is 325254424 (base 6) in base 3?
102000110121221
What is -18256883 (base 9) in base 13?
-1b9a284
Convert 52012125 (base 6) to base 2.
101101100111011110101
What is 2011001101 (base 3) in base 11?
29882
What is 1335205 (base 7) in base 5?
21131331
Convert 2305637 (base 9) to base 10.
1244194
-105767 (base 10) to base 12
-5125b
Convert -950a4 (base 11) to base 3.
-21001001001
16e161c (base 15) to base 9
34312660
Convert -152647 (base 12) to base 6.
-11352131
What is 5227260 (base 8) in base 12?
56b440
32231404 (base 5) to base 10
273979
4334131 (base 5) to base 14
1d107
10102222001021 (base 3) to base 9
3388037
Convert -11100001110000111000 (base 2) to base 14.
-1a1000
Convert -1211131313 (base 4) to base 9.
-703085
Convert 120210022120 (base 3) to base 7.
2433036
What is 133310 (base 6) in base 5?
344201
Convert 1022103 (base 6) to base 12.
24933
Convert -732706 (base 9) to base 8.
-1521561
-1a8b952 (base 12) to base 15
-76c308
-75489 (base 10) to base 5
-4403424
What is 2f1e3 (base 16) in base 6?
4045255
Convert -110744 (base 12) to base 10.
-270628
Convert 27b187b (base 12) to base 15.
a6e078
Convert 957232 (base 11) to base 9.
2784768
Convert 1002221 (base 5) to base 10.
15936
-3023333 (base 4) to base 7
-53030
-110010011100000100000 (base 2) to base 9
-3088148
Convert -100100100011011110 (base 2) to base 5.
-14242401
Convert -43c04 (base 14) to base 5.
-20224002
Convert 510323 (base 7) to base 16.
15248
Convert -1000223312 (base 5) to base 7.
-22445304
224120 (base 10) to base 12
a9848
120110202202 (base 3) to base 11
1988a7
Convert -62446 (base 12) to base 13.
-4664a
What is 8233368 (base 10) in base 3?
120111022001120
-1406310 (base 7) to base 9
-314566
Convert 247724 (base 8) to base 4.
110333110
-9977 (base 16) to base 7
-222353
What is -77364 (base 14) in base 13?
-a15b1
-10230404140 (base 5) to base 16
-a4b537
Convert -1340055 (base 6) to base 8.
-222703
-142743 (base 9) to base 8
-252475
Convert -2aa098 (base 16) to base 3.
-12020221010120
Convert 5427744 (base 8) to base 10.
1454052
What is 53240142 (base 6) in base 11?
976428
What is -82eae (base 15) in base 4?
-1211111120
What is 63a24 (base 14) in base 4?
322301100
-20012022102 (base 4) to base 2
-1000000110001010010010
What is 202322 (base 15) in base 11?
952731
What is 323711 (base 8) in base 11?
74567
-1ad8 (base 16) to base 15
-2082
-b3498 (base 14) to base 10
-431726
101021010022101 (base 3) to base 7
64235431
What is 4073445 (base 8) in base 12?
440571
Convert -2388343 (base 11) to base 5.
-2030420321
-101100010100